 7, 331
List the prime factors of 12306.
2, 3, 7, 293
What are the prime factors of 3986?
2, 1993
List the prime factors of 581.
7, 83
List the prime factors of 40417.
13, 3109
List the prime factors of 123388.
2, 109, 283
What are the prime factors of 4140?
2, 3, 5, 23
What are the prime factors of 394?
2, 197
What are the prime factors of 762?
2, 3, 127
What are the prime factors of 214?
2, 107
What are the prime factors of 4289?
4289
List the prime factors of 24796.
2, 6199
List the prime factors of 93215.
5, 103, 181
What are the prime factors of 9668?
2, 2417
List the prime factors of 231.
3, 7, 11
What are the prime factors of 10621?
13, 19, 43
List the prime factors of 6494.
2, 17, 191
What are the prime factors of 27170?
2, 5, 11, 13, 19
What are the prime factors of 48988?
2, 37, 331
List the prime factors of 41496.
2, 3, 7, 13, 19
What are the prime factors of 2906?
2, 1453
What are the prime factors of 3508?
2, 877
List the prime factors of 65859.
3, 29, 757
List the prime factors of 26947.
26947
List the prime factors of 26695.
5, 19, 281
What are the prime factors of 16432?
2, 13, 79
List the prime factors of 830.
2, 5, 83
What are the prime factors of 95974?
2, 47, 1021
List the prime factors of 141730.
2, 5, 14173
List the prime factors of 70236.
2, 3, 1951
List the prime factors of 2387.
7, 11, 31
What are the prime factors of 2857?
2857
List the prime factors of 4982.
2, 47, 53
What are the prime factors of 4372?
2, 1093
What are the prime factors of 16739?
19, 881
List the prime factors of 32496.
2, 3, 677
List the prime factors of 3216.
2, 3, 67
What are the prime factors of 708?
2, 3, 59
What are the prime factors of 1388?
2, 347
What are the prime factors of 1211?
7, 173
What are the prime factors of 1237?
1237
What are the prime factors of 28002?
2, 3, 13, 359
What are the prime factors of 13824?
2, 3
List the prime factors of 17922.
2, 3, 29, 103
What are the prime factors of 72084?
2, 3, 6007
What are the prime factors of 6376?
2, 797
What are the prime factors of 557?
557
What are the prime factors of 1854?
2, 3, 103
What are the prime factors of 1956?
2, 3, 163
What are the prime factors of 554?
2, 277
What are the prime factors of 14601?
3, 31, 157
List the prime factors of 1470.
2, 3, 5, 7
What are the prime factors of 50331?
3, 19, 883
What are the prime factors of 2075?
5, 83
What are the prime factors of 191?
191
List the prime factors of 5500.
2, 5, 11
What are the prime factors of 9291?
3, 19, 163
What are the prime factors of 596?
2, 149
What are the prime factors of 10555?
5, 2111
What are the prime factors of 45777?
3, 15259
List the prime factors of 866.
2, 433
What are the prime factors of 99184?
2, 6199
What are the prime factors of 2082?
2, 3, 347
List the prime factors of 188.
2, 47
What are the prime factors of 1068?
2, 3, 89
What are the prime factors of 3820?
2, 5, 191
What are the prime factors of 11714?
2, 5857
List the prime factors of 1284.
2, 3, 107
What are the prime factors of 2675?
5, 107
List the prime factors of 155816.
2, 19477
What are the prime factors of 7500?
2, 3, 5
List the prime factors of 1774.
2, 887
List the prime factors of 752.
2, 47
What are the prime factors of 10229?
53, 193
What are the prime factors of 5926?
2, 2963
What are the prime factors of 1590?
2, 3, 5, 53
What are the prime factors of 8939?
7, 1277
What are the prime factors of 1097?
1097
What are the prime factors of 4868?
2, 1217
List the prime factors of 1206.
2, 3, 67
What are the prime factors of 3055?
5, 13, 47
List the prime factors of 4045.
5, 809
What are the prime factors of 6689?
6689
List the prime factors of 13472.
2, 421
List the prime factors of 2746.
2, 1373
List the prime factors of 88270.
2, 5, 7, 13, 97
What are the prime factors of 117?
3, 13
What are the prime factors of 8773?
31, 283
List the prime factors of 17197.
29, 593
List the prime factors of 3053.
43, 71
What are the prime factors of 1689?
3, 563
What are the prime factors of 623?
7, 89
What are the prime factors of 5399?
5399
List the prime factors of 4560.
2, 3, 5, 19
List the prime factors of 2340.
2, 3, 5, 13
What are the prime factors of 2196?
2, 3, 61
List the prime factors of 7401.
3, 2467
List the prime factors of 983.
983
What are the prime factors of 7775?
5, 311
List the prime factors of 61239.
3, 137, 149
What are the prime factors of 159088?
2, 61, 163
List the prime factors of 90.
2, 3, 5
What are the prime factors of 3549?
3, 7, 13
What are the prime factors of 2440?
2, 5, 61
What are the prime factors of 14706?
2, 3, 19, 43
What are the prime factors of 820?
2, 5, 41
What are the prime factors of 1057?
7, 151
What are the prime factors of 3306?
2, 3, 19, 29
What are the prime factors of 20385?
3, 5, 151
What are the prime factors of 12792?
2, 3, 13, 41
What are the prime factors of 3307?
3307
What are the prime factors of 1326?
2, 3, 13, 17
What are the prime factors of 7592?
2, 13, 73
What are the prime factors of 4008?
2, 3, 167
What are the prime factors of 738?
2, 3, 41
List the prime factors of 7789.
7789
What are the prime factors of 4713?
3, 1571
What are the prime factors of 1901?
1901
List the prime factors of 63873.
3, 47, 151
List the prime factors of 4900.
2, 5, 7
What are the prime factors of 68158?
2, 53, 643
List the prime factors of 1786.
2, 19, 47
What are the prime factors of 1494?
2, 3, 83
What are the prime factors of 7092?
2, 3, 197
What are the prime factors of 29175?
3, 5, 389
What are the prime factors of 1294?
2, 647
List the prime factors of 18075.
3, 5, 241
List the prime factors of 11034.
2, 3, 613
What are the prime factors of 1386?
2, 3, 7, 11
What are the prime factors of 2549?
2549
What are the prime factors of 349?
349
List the prime factors of 101371.
17, 67, 89
List the prime factors of 33114.
2, 3, 5519
List the prime factors of 11657.
11657
List the prime factors of 1362.
2, 3, 227
List the prime factors of 3148.
2, 787
What are the prime factors of 4639?
4639
What are the prime factors of 126096?
2, 3, 37, 71
List the prime factors of 15249.
3, 13, 17, 23
List the prime factors of 39920.
2, 5, 499
What are the prime factors of 1645?
5, 7, 47
What are the prime factors of 335?
5, 67
What are the prime factors of 2112?
2, 3, 11
What are the prime factors of 13187?
13187
What are the prime factors of 96438?
2, 3, 16073
List the prime factors of 17011.
17011
What are the prime factors of 86643?
3, 3209
What are the prime factors of 23117?
23117
What are the prime factors of 2842?
2, 7, 29
List the prime factors of 1328.
2, 83
List the prime factors of 3311.
7, 11, 43
List the prime factors of 1686.
2, 3, 281
What are the prime factors of 11315?
5, 31, 73
List the prime factors of 6933.
3, 2311
What are the prime factors of 1491?
3, 7, 71
List the prime factors of 127357.
19, 6703
What are the prime factors of 9269?
13, 23, 31
What are the prime factors of 141184?
2, 1103
What are the prime factors of 2294?
2, 31, 37
What are the prime factors of 6531?
3, 7, 311
What are the prime factors of 17382?
2, 3, 2897
What are the prime factors of 30?
2, 3, 5
What are the prime factors of 28995?
3, 5, 1933
List the prime factors of 74521.
74521
List the prime factors of 928.
2, 29
List the prime factors of 532.
2, 7, 19
What are the prime factors of 2211?
3, 11, 67
List the prime factors of 4116.
2, 3, 7
What are the prime factors of 2413?
19, 127
List the prime factors of 7938.
2, 3, 7
List the prime factors of 904.
2, 113
What are the prime factors of 344?
2, 43
List the prime factors of 160.
2, 5
List the prime factors of 1243.
11, 113
List the prime factors of 2365.
5, 11, 43
List the prime factors of 82499.
82499
What are the prime factors of 13511?
59, 229
What are the prime factors of 7692?
2, 3, 641
List the prime factors of 16355.
5, 3271
What are the prime factors of 12704?
2, 397
List the prime factors of 59238.
2, 3, 1097
List the prime factors of 69983.
47, 1489
List the prime factors of 5213.
13, 401
List the prime factors of 17789.
17789
What are the prime factors of 45076?
2, 59, 191
List the prime factors of 27982.
2, 17, 823
What are the prime factors of 28174?
2, 14087
What are the prime factors of 41?
41
List the prime factors of 2480.
2, 5, 31
List the prime factors of 9